In base 13, what is 214 + 233a?
2551
In base 10, what is -1675 + -23556?
-25231
In base 2, what is 101010000111110011011 + -100?
101010000111110010111
In base 6, what is -11330032 - 5?
-11330041
In base 3, what is 221 - 11011210021020?
-11011210020022
In base 14, what is -15 - -450628?
450613
In base 13, what is 57b1 - 40a3b?
-3825a
In base 7, what is -30213356 + 132?
-30213224
In base 13, what is 47a3 - -1a5?
4978
In base 16, what is 1 + 6a27fd0?
6a27fd1
In base 6, what is -41 + 2031015502?
2031015421
In base 9, what is -11368 + 8656?
-1612
In base 2, what is 10110011011111100111000 + 10100?
10110011011111101001100
In base 9, what is -75 - 603676?
-603762
In base 12, what is -13070 + -b34?
-13ba4
In base 15, what is -14918 + -136?
-14a4e
In base 13, what is -40198 - 5?
-401a0
In base 6, what is 144 + -113525?
-113341
In base 9, what is -21 - -3537701?
3537670
In base 15, what is -251c1e - -40?
-251bce
In base 5, what is -301410 - 10342111?
-11144021
In base 11, what is -28 - -129a382?
129a355
In base 13, what is 256aa - -138c?
26a69
In base 9, what is -6016280 + 11?
-6016268
In base 7, what is -30665 + -440406?
-501404
In base 14, what is a117 - -153?
a26a
In base 6, what is 0 - 312340122?
-312340122
In base 10, what is -67033 - -7?
-67026
In base 9, what is 82875 + -378?
82486
In base 16, what is 40 + -74a84d?
-74a80d
In base 2, what is 10101111 + -1011100010001011?
-1011011111011100
In base 8, what is -1017 - -47316?
46277
In base 13, what is 780c9 + -b4?
78015
In base 15, what is -8 + 6281466?
628145d
In base 8, what is -7 + -23137264?
-23137273
In base 15, what is b - 1235d31?
-1235d25
In base 15, what is -60e369 + -5?
-60e36e
In base 7, what is -225001230 + -4?
-225001234
In base 8, what is -123434372 - -4?
-123434366
In base 15, what is -c71d + 2e6?
-c427
In base 10, what is -7 - -818547?
818540
In base 2, what is 101 - -11010001110111100111?
11010001110111101100
In base 12, what is 982752 - 3?
98274b
In base 16, what is -3223ecd + -c?
-3223ed9
In base 6, what is -3 + -521343241?
-521343244
In base 3, what is -2112200 + -1220111?
-11110011
In base 15, what is 1 - 64c13c?
-64c13b
In base 14, what is -1d52156 - -4?
-1d52152
In base 15, what is -5cb7aa - ac?
-5cb867
In base 15, what is 229c + -59b5?
-3718
In base 16, what is 50c3 + ab1?
5b74
In base 4, what is 3 - -313300113112?
313300113121
In base 9, what is 14455080 + -26?
14455053
In base 10, what is -9 - -1489438?
1489429
In base 11, what is -17 + 350812?
3507a6
In base 6, what is 1 - 534343?
-534342
In base 3, what is -20101 - 1120000202?
-1120021010
In base 3, what is -1122201 + -1100012111?
-1101212012
In base 5, what is 32040013 - -3210?
32043223
In base 5, what is 112424 - 2441?
104433
In base 11, what is 3 - -65181a9?
6518201
In base 13, what is -68 + -c1b894?
-c1b92c
In base 10, what is 747 - 6452?
-5705
In base 9, what is 37153 + -1308?
35744
In base 11, what is -636 - 4511?
-5047
In base 11, what is -2425 - -1a5a9?
18184
In base 16, what is -20756fa3 - -5?
-20756f9e
In base 3, what is -101012221 - 222021?
-102012012
In base 3, what is -12112002201 - 2221220?
-12122001121
In base 10, what is 8 + -1949323?
-1949315
In base 10, what is 20 - -17134558?
17134578
In base 6, what is 5144423052 - -4?
5144423100
In base 3, what is -22101200121001202 + -12?
-22101200121001221
In base 13, what is -1bbb628 - 29?
-1bbb654
In base 9, what is -3510 + -4565?
-8175
In base 12, what is 95 + -3687b?
-367a6
In base 2, what is -1010100100011 + -1010100?
-1010101110111
In base 9, what is -84128872 - 2?
-84128874
In base 12, what is 1 + 1694b2a?
1694b2b
In base 10, what is -4 - 161717509?
-161717513
In base 9, what is -124541601 + -2?
-124541603
In base 2, what is 11011110011101110001011 + -11?
11011110011101110001000
In base 14, what is 4 - -1ad0ca6c?
1ad0ca72
In base 14, what is a13bd + -18?
a13a5
In base 16, what is 3f3693 - 5?
3f368e
In base 5, what is 2304010431 - 1?
2304010430
In base 4, what is -31231312 + -10103?
-31302021
In base 3, what is -2011020 + -10020021211?
-10022110001
In base 6, what is 4223431503 + -2?
4223431501
In base 5, what is 20 - 331314423?
-331314403
In base 14, what is -bd + -20b06?
-20bc5
In base 5, what is 23042042133 + 0?
23042042133
In base 11, what is -37 + -5825a?
-58296
In base 10, what is -216453 + -172?
-216625
In base 7, what is 223351 + -4316?
216032
In base 13, what is c6806 + 2c3?
c6ac9
In base 9, what is 131677261 - 0?
131677261
In base 7, what is 6605456424 + 5?
6605456432
In base 15, what is -6c319 + a2?
-6c267
In base 15, what is -e23e98 - -3?
-e23e95
In base 5, what is -20420104014 - -134?
-20420103330
In base 12, what is -1651 - 30aa?
-473b
In base 4, what is 12032 - -11110112?
11122210
In base 2, what is 10010010000001010 - 1001101001111?
10001000010111011
In base 2, what is -10101 + 11111100101110101010100?
11111100101110100111111
In base 15, what is -5 + 1b5013b6?
1b5013b1
In base 8, what is -44547 - -224?
-44323
In base 15, what is -ca888 - 20b?
-caa94
In base 5, what is 121122002112 - -10?
121122002122
In base 14, what is 438c16 + 19?
438c31
In base 9, what is -7767 - 1737?
-10615
In base 2, what is 1000 + 1011110110011110000001?
1011110110011110001001
In base 11, what is 270 + 59249a?
59275a
In base 13, what is 136b9 - 118?
135a1
In base 2, what is -100011101111110 + 1000100?
-100011100111010
In base 2, what is -1011 - -1000110000110101010110111?
1000110000110101010101100
In base 5, what is 133102 - 20301304?
-20113202
In base 15, what is -2282d + -b7?
-228e5
In base 12, what is -154018 - 1b3?
-15420b
In base 5, what is 23 + 3423433020?
3423433043
In base 13, what is 402 + 267c03?
268305
In base 7, what is 151 + 305252621?
305253102
In base 7, what is 10502121 - -122?
10502243
In base 8, what is -211235660 + -1?
-211235661
In base 14, what is -1620 + -80d?
-202d
In base 3, what is -11112011100 - -221?
-11112010102
In base 3, what is -1 + 110012121020001?
110012121020000
In base 3, what is -1202210 - 110201?
-2020111
In base 3, what is 22210 - 201121201002?
-201121101022
In base 13, what is 2c4 + 115cc6?
1162ba
In base 2, what is 110001101001011001 - -111100?
110001101010010101
In base 12, what is 78a34 - -1a3?
79017
In base 5, what is 23332042 - 1?
23332041
In base 11, what is 4022 + -29717?
-256a5
In base 7, what is 11 - -13452065?
13452106
In base 12, what is 72 + 104b49?
104bbb
In base 15, what is 1494b12 + -1?
1494b11
In base 5, what is -120121033 + 14?
-120121014
In base 11, what is -26596 - 68a?
-27175
In base 13, what is -b - 123?
-131
In base 16, what is -203 - -23a99?
23896
In base 2, what is 110110001000101110110010110 + 0?
110110001000101110110010110
In base 5, what is -1014444130323 + 3?
-1014444130320
In base 7, what is -6325301550 + -4?
-6325301554
In base 15, what is -748 + 58d79?
58631
In base 2, what is -10001010100 + -101010010100111?
-101100011111011
In base 4, what is 13111323 - 213313?
12232010
In base 8, what is 202661 - -761?
203642
In base 4, what is 1103012002 - 301?
1103011101
In base 13, what is -4c079a + 1c?
-4c077b
In base 6, what is 110455212 + 410?
110500022
In base 7, what is -14440 - 12246?
-30016
In base 9, what is 0 + 17050861?
17050861
In base 9, what is -86674254 + 4?
-86674250
In base 4, what is -2212321322 + -132?
-2212322120
In base 15, what is -53 + -3d9da?
-3da3d
In base 10, what is -2141 - -627?
-1514
In base 8, what is 7270 + 22174?
31464
In base 10, what is -19471 + 440?
-19031
In base 13, what is 410 + -89113?
-88a03
In base 12, what is -1279509 - -2b?
-127949a
In base 15, what is 3 + 1c48cdc?
1c48ce0
In base 7, what is 0 - 21406602?
-21406602
In base 4, what is 132010010 - -3313?
132013323
In base 5, what is -4 - -131400440?
131400431
In base 11, what is 92a442 - -357?
92a799
In base 3, what is -111000111100101 + 20?
-111000111100011
In base 5, what is -1124 - 331024241?
-331030420
In base 6, what is 144314145 + 424?
144315013
In base 14, what is 231ac - -329?
234d7
In base 10, what is 6812081 - 2?
6812079
In base 2, what is 1001 + -10011000111101111100001110?
-10011000111101111100000101
In base 11, what is -116774a668 + -3?
-116774a670
In base 14, what is -48d1c - 223?
-49141
In base 6, what is 1 + -15230423?
-15230422
In base 15, what is 57 + 9b09c?
9b104
In base 11, what is -13 + -387953?
-3